{"id":2443,"date":"2025-10-30T12:10:54","date_gmt":"2025-10-30T09:10:54","guid":{"rendered":"https:\/\/hepsor.ee\/manufaktuur\/?page_id=2443"},"modified":"2026-01-19T10:03:28","modified_gmt":"2026-01-19T07:03:28","slug":"kodud","status":"publish","type":"page","link":"https:\/\/hepsor.ee\/manufaktuur\/kodud\/","title":{"rendered":"Kodud"},"content":{"rendered":"\r\n<section class=\"location-plan-block position-relative\">\r\n    <div class=\"plan-container\">\r\n        \r\n        <div class=\"scrollbar_svg\"><\/div>\r\n\r\n        <div class=\"plan-wrapper position-relative\">\r\n\r\n            <img loading=\"lazy\" decoding=\"async\" class=\"plan-image d-block\" src=\"https:\/\/hepsor.ee\/manufaktuur\/wp-content\/uploads\/2025\/10\/Tanavanimega_kvartal_m3hooneg-1-1.jpg\" width=\"2560\" height=\"1649\" alt=\"\" \/>\r\n            \r\n                            <svg class=\"paths position-absolute top-0 start-0 d-block w-100\" width=\"2560\" height=\"1649\" viewBox=\"0 0 2560 1649\" fill=\"none\" xmlns=\"http:\/\/www.w3.org\/2000\/svg\">\r\n                                                                    <polygon class=\"plan-path\" points=\"365,1025,596,973,533,613,462,624,453,595,433,595,433,629,318,640,282,667,300,717,241,737,202,853,259,988,352,991\" data-point=\"0\" data-href=\"https:\/\/hepsor.ee\/manufaktuur\/m12\/\"><\/polygon>\r\n                                                                    <polygon class=\"plan-path\" points=\"0 1000, 360 1000, 419 1210, 605 1210, 724 1670, 0 1670 \" data-point=\"1\"><\/polygon>\r\n                                                                    <polygon class=\"plan-path\" points=\"950 920, 1920 660, 2235 820, 2200 990, 1150 1450, 980 1180\" data-point=\"2\" data-href=\"https:\/\/hepsor.ee\/manufaktuur\/m7\/\"><\/polygon>\r\n                                                                    <polygon class=\"plan-path\" points=\"1570 820, 1780 760, 1785 700, 1915 650, 1930 540, 2120 485, 2139 380, 2120 350, 2100 360, 2050 320, 2030 310, 1990 320, 1990 336, 1832 360, 1843 272, 1812 272, 1804 360, 811 502, 791 424, 716 427, 775 724, 1300 619, 1390 700\" data-point=\"3\" data-href=\"https:\/\/hepsor.ee\/manufaktuurivabrik\/\"><\/polygon>\r\n                                                                    <polygon class=\"plan-path\" points=\"2308,388,2021,441,2001,560,2554,760,2554,352,2546,348,2554,316,2554,0,2486,1,2376,405\" data-point=\"4\"><\/polygon>\r\n                                    <\/svg>\r\n                \r\n                <div class=\"points\">\r\n                                            \r\n                        <div class=\"point-wrapper position-absolute\" style=\"top:41.6%; left:16.4%;\" data-style=\"brown\" data-position=\"top\" data-point=\"0\">\r\n                            <div class=\"point position-relative\">\r\n                                <div class=\"point-content position-absolute\">\r\n                                    <div class=\"point-text text-center\">Manufaktuuri 12 kodud<\/div>\r\n                                                                        <div class=\"point-subtitle\">\r\n                                                                                    <span class=\"point-subtitle-text\">Valmib s\u00fcgis 2026.<\/span>\r\n                                                                                                                            <a href=\"https:\/\/hepsor.ee\/manufaktuur\/m12\/\" class=\"point-link\">\r\n                                                <span>Liigu veebi<\/span>\r\n                                                <svg xmlns=\"http:\/\/www.w3.org\/2000\/svg\" width=\"25\" height=\"25\" viewBox=\"0 0 25 25\" fill=\"none\">\r\n                                                    <path d=\"M6.25586 4.24305L14.1359 12.123L6.25586 20.003L8.37586 22.123L18.3759 12.123L8.37586 2.12305L6.25586 4.24305Z\" fill=\"#000000\"\/>\r\n                                                <\/svg>\r\n                                            <\/a>\r\n                                                                            <\/div>\r\n                                                                    <\/div>\r\n                            <\/div>\r\n                        <\/div>\r\n                                            \r\n                        <div class=\"point-wrapper position-absolute\" style=\"top:72%; left:12.5%;\" data-style=\"brown\" data-position=\"top\" data-point=\"1\">\r\n                            <div class=\"point position-relative\">\r\n                                <div class=\"point-content position-absolute\">\r\n                                    <div class=\"point-text text-center\">Sitsi \u00f5unaaia kodud<\/div>\r\n                                                                        <div class=\"point-subtitle\">\r\n                                                                                    <span class=\"point-subtitle-text\">Valmis. M\u00fc\u00fcdud.<\/span>\r\n                                                                                                                    <\/div>\r\n                                                                    <\/div>\r\n                            <\/div>\r\n                        <\/div>\r\n                                            \r\n                        <div class=\"point-wrapper position-absolute\" style=\"top:61.5%; left:63.2%;\" data-style=\"brown\" data-position=\"top\" data-point=\"2\">\r\n                            <div class=\"point position-relative\">\r\n                                <div class=\"point-content position-absolute\">\r\n                                    <div class=\"point-text text-center\">Manufaktuuri 7 kodud<\/div>\r\n                                                                        <div class=\"point-subtitle\">\r\n                                                                                    <span class=\"point-subtitle-text\">Valmis. M\u00fc\u00fcgis.<\/span>\r\n                                                                                                                            <a href=\"https:\/\/hepsor.ee\/manufaktuur\/m7\/\" class=\"point-link\">\r\n                                                <span>Liigu veebi<\/span>\r\n                                                <svg xmlns=\"http:\/\/www.w3.org\/2000\/svg\" width=\"25\" height=\"25\" viewBox=\"0 0 25 25\" fill=\"none\">\r\n                                                    <path d=\"M6.25586 4.24305L14.1359 12.123L6.25586 20.003L8.37586 22.123L18.3759 12.123L8.37586 2.12305L6.25586 4.24305Z\" fill=\"#000000\"\/>\r\n                                                <\/svg>\r\n                                            <\/a>\r\n                                                                            <\/div>\r\n                                                                    <\/div>\r\n                            <\/div>\r\n                        <\/div>\r\n                                            \r\n                        <div class=\"point-wrapper position-absolute\" style=\"top:32%; left:43.2%;\" data-style=\"brown\" data-position=\"top\" data-point=\"3\">\r\n                            <div class=\"point position-relative\">\r\n                                <div class=\"point-content position-absolute\">\r\n                                    <div class=\"point-text text-center\">Manufaktuuri Vabriku kodud<\/div>\r\n                                                                        <div class=\"point-subtitle\">\r\n                                                                                    <span class=\"point-subtitle-text\">I etapp ehituses, valmib 2027<br \/>\r\n<\/span>\r\n                                                                                                                            <a href=\"https:\/\/hepsor.ee\/manufaktuurivabrik\/\" class=\"point-link\">\r\n                                                <span>Liigu veebi<\/span>\r\n                                                <svg xmlns=\"http:\/\/www.w3.org\/2000\/svg\" width=\"25\" height=\"25\" viewBox=\"0 0 25 25\" fill=\"none\">\r\n                                                    <path d=\"M6.25586 4.24305L14.1359 12.123L6.25586 20.003L8.37586 22.123L18.3759 12.123L8.37586 2.12305L6.25586 4.24305Z\" fill=\"#000000\"\/>\r\n                                                <\/svg>\r\n                                            <\/a>\r\n                                                                            <\/div>\r\n                                                                    <\/div>\r\n                            <\/div>\r\n                        <\/div>\r\n                                            \r\n                        <div class=\"point-wrapper position-absolute\" style=\"top:36%; left:87%;\" data-style=\"brown\" data-position=\"top\" data-point=\"4\">\r\n                            <div class=\"point position-relative\">\r\n                                <div class=\"point-content position-absolute\">\r\n                                    <div class=\"point-text text-center\">Manufaktuuri 3 k\u00f5rghoone<\/div>\r\n                                                                        <div class=\"point-subtitle\">\r\n                                                                                    <span class=\"point-subtitle-text\">Planeerimisel<\/span>\r\n                                                                                                                    <\/div>\r\n                                                                    <\/div>\r\n                            <\/div>\r\n                        <\/div>\r\n                                    <\/div>\r\n                    <\/div>\r\n    <\/div>\r\n    <div class=\"mobile-drag\">\r\n        <svg class=\"drag_icon\" xmlns=\"http:\/\/www.w3.org\/2000\/svg\" width=\"53\" height=\"53\" viewBox=\"0 0 53 53\" fill=\"none\">\r\n            <path d=\"M20.7184 15.4712H8.53497L11.0355 17.9718C11.4614 18.3977 11.4614 19.0882 11.0355 19.5141C10.6096 19.94 9.91913 19.94 9.49324 19.5141L5.13093 15.1518C4.70504 14.7259 4.70504 14.0354 5.13093 13.6095L9.49324 9.24716C9.91913 8.82126 10.6096 8.82126 11.0355 9.24716C11.4614 9.67305 11.4614 10.3636 11.0355 10.7895L8.53497 13.29H20.7184L18.2178 10.7895C17.7919 10.3636 17.7919 9.67305 18.2178 9.24716C18.6437 8.82126 19.3343 8.82126 19.7601 9.24716L24.1225 13.6095C24.5483 14.0354 24.5483 14.7259 24.1225 15.1518L19.7601 19.5141C19.3343 19.94 18.6437 19.94 18.2178 19.5141C17.7919 19.0882 17.7919 18.3977 18.2178 17.9718L20.7184 15.4712ZM30.9853 20.9241V26.4804C30.9853 27.2022 30.7323 27.9011 30.2702 28.4556C29.1794 29.7646 27.2339 29.9415 25.9249 28.8506L23.9098 27.1714C23.2938 26.6581 22.5173 26.3769 21.7154 26.3769C21.1345 26.3769 20.6048 26.7098 20.3529 27.2333L20.2751 27.3951C19.9803 28.0077 20.0696 28.7358 20.5036 29.259L30.13 40.863C31.6872 42.7401 33.9993 43.8262 36.4382 43.8262C41.859 43.8262 46.2534 39.4317 46.2534 34.011V25.2864C46.2534 24.6841 45.7651 24.1958 45.1628 24.1958C44.5605 24.1958 44.0722 24.6841 44.0722 25.2864V27.4675C44.0722 28.0698 43.584 28.5581 42.9817 28.5581C42.3793 28.5581 41.8911 28.0698 41.8911 27.4675V23.1052C41.8911 22.5029 41.4028 22.0146 40.8005 22.0146C40.1982 22.0146 39.7099 22.5029 39.7099 23.1052V27.4675C39.7099 28.0698 39.2217 28.5581 38.6194 28.5581C38.017 28.5581 37.5288 28.0698 37.5288 27.4675V20.9241C37.5288 20.3218 37.0405 19.8335 36.4382 19.8335C35.8359 19.8335 35.3476 20.3218 35.3476 20.9241V27.4675C35.3476 28.0698 34.8594 28.5581 34.2571 28.5581C33.6547 28.5581 33.1665 28.0698 33.1665 27.4675V12.1995C33.1665 11.5972 32.6782 11.1089 32.0759 11.1089C31.4736 11.1089 30.9853 11.5972 30.9853 12.1995V20.9241ZM28.8042 20.9241V12.1995C28.8042 10.3925 30.269 8.92773 32.0759 8.92773C33.8828 8.92773 35.3476 10.3925 35.3476 12.1995V17.8385C35.6887 17.7179 36.0558 17.6523 36.4382 17.6523C37.947 17.6523 39.2172 18.6736 39.5953 20.0626C39.9683 19.9148 40.3749 19.8335 40.8005 19.8335C42.3093 19.8335 43.5795 20.8548 43.9576 22.2438C44.3306 22.0959 44.7372 22.0146 45.1628 22.0146C46.9697 22.0146 48.4345 23.4794 48.4345 25.2864V34.011C48.4345 40.6364 43.0636 46.0073 36.4382 46.0073C33.3503 46.0073 30.4229 44.6322 28.4513 42.2556L18.8249 30.6516C17.8463 29.4721 17.645 27.8304 18.3096 26.4493L18.3875 26.2875C19.0028 25.0088 20.2964 24.1958 21.7154 24.1958C23.0276 24.1958 24.2982 24.6558 25.3062 25.4958L27.3212 27.175C27.7048 27.4947 28.2749 27.4429 28.5946 27.0592C28.73 26.8967 28.8042 26.6919 28.8042 26.4804V20.9241Z\" fill=\"white\"\/>\r\n        <\/svg>\r\n    <\/div>\r\n<\/section>\n\n\n<section class=\"text-column-block position-relative\" data-animation=\"top-to-bottom\">\n    <div class=\"block-text-wrap container position-relative'\">\n        <div class=\"row gx-xl-64 gx-md-48\">\n                            <div class=\"col col-xl-6 col-12 text-xl-end text-center\">\n                    <div class=\"col-title d-flex flex-column fade-accent\">\n                                                    <div class=\"col-main-title position-relative\">\n                                <div class=\"col-main-title-bg bg-white position-absolute w-100 h-100\"><\/div>\n                                <h1 class=\"position-relative mb-0\">mitte lihtsalt<\/h1>\n                            <\/div>\n                        \n                                                    <div class=\"col-accent-title\">\n                                <h1 class=\"h-accent mb-0\">majad<\/h1>\n                            <\/div>\n                                            <\/div>\n                <\/div>\n            \n                            <div class=\"col col-xl-6 col-12\">\n                    <div class=\"col-text text-xl-start text-center\">\n                        <div class=\"col-text-content\">\n                            <p>Kavartali alal on valminud Sitsi \u00f5unaaia ning Manufaktuuri 7 hooned, kus on veel saadaval viimased korterid. Manufaktuuri 12 ja Manufaktuuri Vabriku hoone on hetkel ehituses. Igal projektil kvartali alal on oma eristuv isikup\u00e4ra, mille detailides (aadress, arhitektuur, sise\u00f5u) on selgelt tajutav tema eksistents Manufaktuuri kvartali kontekstis. Iga maja r\u00e4\u00e4gib oma lugu, kuid teeb seda kvartali kogukonna sees ja toetuseks.<\/p>\n                        <\/div>\n                                            <\/div>\n                <\/div>\n                    <\/div>\n        \n                    <div class=\"line-animation-html d-xl-block d-none\">\n                <!-- First vertical -->\n                <div class=\"stroke line vline first\" style=\"--d:0.5s; --delay:0s\"><\/div>\n\n                <!-- Left circle -->\n                <div class=\"circle-svg left\" style=\"--d:0.5s; --delay:0.6s\">\n                    <svg viewBox=\"0 0 24 24\">\n                        <circle cx=\"12\" cy=\"12\" r=\"9\" \/>\n                    <\/svg>\n                <\/div>\n                <!-- Horizontal -->\n                <div class=\"stroke line hline\" style=\"--d:0.5s; --delay:1s\"><\/div>\n\n                <!-- Right circle -->\n                <div class=\"circle-svg right\" style=\"--d:0.5s; --delay:1.6s\">\n                    <svg viewBox=\"0 0 24 24\">\n                        <circle cx=\"12\" cy=\"12\" r=\"9\" \/>\n                    <\/svg>\n                <\/div>\n                <!-- Right vertical -->\n                <div class=\"stroke line vline last\" style=\"--d:0.5s; --delay:2s\"><\/div>\n            <\/div>\n        \n            <\/div>\n<\/section>\n\n\n<section class=\"homes-block position-relative overflow-hidden pb-lg-136 pb-56 text-center\">\n    <div class=\"container d-flex flex-column\">\n                                <div class=\"row align-items-center gx-lg-80 gy-80\">\n                <div class=\"home-content d-flex flex-column align-items-xl-start align-items-center text-xl-start text-center col col-xl-5 col-12\">\n                                            <div class=\"col-title fade-accent\">\n                                                            <div class=\"col-main-title position-relative\">\n                                    <div class=\"col-main-title-bg bg-white position-absolute w-100 h-100\"><\/div>\n                                    <h2 class=\"position-relative mb-0 fs-50\">Manufaktuuri<\/h2>\n                                <\/div>\n                                                                                        <div class=\"col-accent-title\">\n                                    <h2 class=\"h-accent mb-0\">7<\/h2>\n                                <\/div>\n                                                    <\/div>\n                    \n                    <div class=\"home-content-text\">\n                        <p>Manufaktuuri 7 hoonete iseloomu m\u00e4\u00e4rab majade paiknemine kvartalis \u2013 nende vahelt kulgeb kvartalit l\u00e4biv jalgtee, mis tekitab intiimse ja d\u00fcnaamilise sisehoovi. M\u00f5lemas majas on saadaval veel viimased korterid heade hindadega.<\/p>\n                    <\/div>\n                    \n                                            <div class=\"home-notes d-flex flex-wrap text-uppercase justify-content-xl-start justify-content-center\">\n                                                            <div class=\"home-note color-project-main fw-normal\"><p>MAJAD VALMIS<\/p><\/div>                                                            <div class=\"home-note color-project-main fw-normal\"><p>VIIMASED KORTERID<\/p><\/div>                                                    <\/div>\n                    \n                                            <a class=\"btn d-inline-block\" href=\"https:\/\/hepsor.ee\/manufaktuur\/m7\/\" target=\"_blank\">Liigu veebi<\/a>\n                                    <\/div>\n                <div class=\"image-col col col-xl-7 col-12\">\n                    <div class=\"image-wrap position-relative edged translate-image translate-image-right edged-right\">\n                        <img loading=\"lazy\" decoding=\"async\" class=\"w-100\" src=\"https:\/\/hepsor.ee\/manufaktuur\/wp-content\/uploads\/2025\/10\/Manufaktuuri-7_valik_TTUN2690.jpg\" width=\"2560\" height=\"1920\" alt=\"\" \/>\n                                            <\/div>\n                <\/div>\n            <\/div>\n                                <div class=\"row flex-row-reverse align-items-center gx-lg-80 gy-80\">\n                <div class=\"home-content d-flex flex-column align-items-xl-start align-items-center text-xl-start text-center col col-xl-5 col-12\">\n                                            <div class=\"col-title fade-accent\">\n                                                            <div class=\"col-main-title position-relative\">\n                                    <div class=\"col-main-title-bg bg-white position-absolute w-100 h-100\"><\/div>\n                                    <h2 class=\"position-relative mb-0 fs-50\">Manufaktuuri<\/h2>\n                                <\/div>\n                                                                                        <div class=\"col-accent-title\">\n                                    <h2 class=\"h-accent mb-0\">12<\/h2>\n                                <\/div>\n                                                    <\/div>\n                    \n                    <div class=\"home-content-text\">\n                        <p>Kvartali k\u00f5ige uuemaks liikmeks on Manufaktuuri 12 aadressile kerkivad 2 hubaste korteritega maja, kus koduaknast avanevad kaunid vaated otse ajaloolisele Manufaktuuri Vabrikule.<\/p>\n                    <\/div>\n                    \n                                            <div class=\"home-notes d-flex flex-wrap text-uppercase justify-content-xl-start justify-content-center\">\n                                                            <div class=\"home-note color-project-main fw-normal\"><p>VALMIVAD 2026<\/p><\/div>                                                            <div class=\"home-note color-project-main fw-normal\"><p>1-4 TOAGA KODUD<\/p><\/div>                                                    <\/div>\n                    \n                                            <a class=\"btn d-inline-block\" href=\"https:\/\/hepsor.ee\/manufaktuur\/m12\/\" target=\"_blank\">Liigu veebi<\/a>\n                                    <\/div>\n                <div class=\"image-col col col-xl-7 col-12\">\n                    <div class=\"image-wrap position-relative edged translate-image translate-image-left edged-left\">\n                        <img loading=\"lazy\" decoding=\"async\" class=\"w-100\" src=\"https:\/\/hepsor.ee\/manufaktuur\/wp-content\/uploads\/2025\/10\/Manufaktuuri-Cam-Drone-Final-min.jpg\" width=\"803\" height=\"516\" alt=\"\" \/>\n                                            <\/div>\n                <\/div>\n            <\/div>\n                                <div class=\"row align-items-center gx-lg-80 gy-80\">\n                <div class=\"home-content d-flex flex-column align-items-xl-start align-items-center text-xl-start text-center col col-xl-5 col-12\">\n                                            <div class=\"col-title fade-accent\">\n                                                            <div class=\"col-main-title position-relative\">\n                                    <div class=\"col-main-title-bg bg-white position-absolute w-100 h-100\"><\/div>\n                                    <h2 class=\"position-relative mb-0 fs-50\">Manufaktuuri<\/h2>\n                                <\/div>\n                                                                                        <div class=\"col-accent-title\">\n                                    <h2 class=\"h-accent mb-0\">Vabrik<\/h2>\n                                <\/div>\n                                                    <\/div>\n                    \n                    <div class=\"home-content-text\">\n                        <p>Siin\u00a0saad luua endale t\u00e4pselt nii suure kodu kui soovid\u00a0\u2013 laienda korterit laiusesse v\u00f5i k\u00f5rgusesse, tee tube avaramaks v\u00f5i hoopis kompaktsemaks, loo k\u00fclaliste v\u00f5\u00f5rustamiseks v\u00f5rratu\u00a0talveaed\u00a0v\u00f5i praktiline teine tasand\u00a0\u2013 need on vaid m\u00f5ned p\u00f6\u00f6rased ideed luua kodu, mille sarnast maailmas veel ei ole ja mis on\u00a0t\u00e4pselt sinu n\u00e4gu.<\/p>\n                    <\/div>\n                    \n                                            <div class=\"home-notes d-flex flex-wrap text-uppercase justify-content-xl-start justify-content-center\">\n                                                            <div class=\"home-note color-project-main fw-normal\"><p>EHITUS K\u00c4IB<\/p><\/div>                                                            <div class=\"home-note color-project-main fw-normal\"><p>4-MEETRISED LAED<\/p><\/div>                                                    <\/div>\n                    \n                                            <a class=\"btn d-inline-block\" href=\"https:\/\/hepsor.ee\/manufaktuurivabrik\/\" target=\"_blank\">Liigu veebi<\/a>\n                                    <\/div>\n                <div class=\"image-col col col-xl-7 col-12\">\n                    <div class=\"image-wrap position-relative edged translate-image translate-image-right edged-right\">\n                        <img loading=\"lazy\" decoding=\"async\" class=\"w-100\" src=\"https:\/\/hepsor.ee\/manufaktuur\/wp-content\/uploads\/2025\/10\/IMG-right2.jpg\" width=\"1205\" height=\"774\" alt=\"\" \/>\n                                            <\/div>\n                <\/div>\n            <\/div>\n            <\/div>\n<\/section>\n","protected":false},"excerpt":{"rendered":"","protected":false},"author":1,"featured_media":0,"parent":0,"menu_order":0,"comment_status":"closed","ping_status":"closed","template":"","meta":{"_acf_changed":false,"footnotes":""},"class_list":["post-2443","page","type-page","status-publish","hentry"],"acf":[],"_links":{"self":[{"href":"https:\/\/hepsor.ee\/manufaktuur\/wp-json\/wp\/v2\/pages\/2443","targetHints":{"allow":["GET"]}}],"collection":[{"href":"https:\/\/hepsor.ee\/manufaktuur\/wp-json\/wp\/v2\/pages"}],"about":[{"href":"https:\/\/hepsor.ee\/manufaktuur\/wp-json\/wp\/v2\/types\/page"}],"author":[{"embeddable":true,"href":"https:\/\/hepsor.ee\/manufaktuur\/wp-json\/wp\/v2\/users\/1"}],"replies":[{"embeddable":true,"href":"https:\/\/hepsor.ee\/manufaktuur\/wp-json\/wp\/v2\/comments?post=2443"}],"version-history":[{"count":8,"href":"https:\/\/hepsor.ee\/manufaktuur\/wp-json\/wp\/v2\/pages\/2443\/revisions"}],"predecessor-version":[{"id":2819,"href":"https:\/\/hepsor.ee\/manufaktuur\/wp-json\/wp\/v2\/pages\/2443\/revisions\/2819"}],"wp:attachment":[{"href":"https:\/\/hepsor.ee\/manufaktuur\/wp-json\/wp\/v2\/media?parent=2443"}],"curies":[{"name":"wp","href":"https:\/\/api.w.org\/{rel}","templated":true}]}}